145 - k. Calculate the highest common factor of 15 and z.
15
Suppose 5376 + 4532 = 2*y - 5*n, -4*y = -4*n - 19804. Calculate the highest common divisor of y and 392.
49
Suppose 115 = 20*r - 25. Suppose -6*j + 21 = -15. Suppose 4*a = 5*h - 307, j*h - h - 5*a = 305. What is the highest common divisor of r and h?
7
Suppose 1580 + 1004 = 19*h. Calculate the greatest common factor of h and 28.
4
Suppose -2*l - 1 = 3*o, -o + 5 = 2*l - 0*l. Let f be l/14 - 13*(-142)/7. Suppose -11*w = -3*w - f. Calculate the greatest common divisor of 66 and w.
33
Let z = 1 - 1. Suppose 3*n - 234 - 261 = z. Suppose -17438*y = -17421*y - 255. What is the highest common factor of n and y?
15
Suppose 14*c + 595034 = 88*c. Calculate the highest common factor of 22 and c.
11
Let h be ((-340)/(-60))/((-8)/(-240)). Calculate the greatest common divisor of h and 14.
2
Let v(h) = h**3 + 3*h**2 - 6*h + 6. Let l be v(5). Suppose -14*o = 4*o + 1584. Let z = o + l. Calculate the greatest common divisor of z and 11.
11
Let c(z) = -58*z + 7. Let x(v) = 93*v - 11. Let k(i) = 8*c(i) + 5*x(i). Suppose 0*p = 4*p - 40. Let y be k(p). What is the greatest common divisor of 55 and y?
11
Let u be 231/(-165) - (-488)/20. Calculate the highest common factor of 9591 and u.
23
Suppose 0 = 33*p - 1645 - 15053. What is the highest common divisor of p and 138?
46
Let x = 55 + -25. Let p = 94 - 243. Let r = -143 - p. What is the greatest common factor of x and r?
6
Let j(s) = -70*s - 823. Let o be j(-12). Calculate the greatest common divisor of 9809 and o.
17
Let v be (568 - 3)/5*(8 - 4). What is the greatest common factor of v and 12317?
113
Suppose 173*s - 637661 = 92*s + 558547. What is the greatest common divisor of 208 and s?
208
Let d(h) = 161*h + 15374. Let a be d(-94). Calculate the greatest common divisor of 17880 and a.
120
Suppose 6*k = -4*x + 2*k + 112, 5*x = -2*k + 143. Suppose 10*l - 9*l = 52. Let b be (-6 - l)/((-7)/2 - -3). Calculate the highest common factor of b and x.
29
Let h be ((-12)/9)/(-4) - 4/12. Suppose -24*p + 29*p + j - 299 = h, 4*j + 4 = 0. What is the greatest common factor of 24 and p?
12
Let r be -185*(13 + 243/(-15)). Calculate the highest common divisor of r and 37.
37
Let z(p) = -p**2 + 3*p - 1. Let n be z(6). Let a = 28 + n. Suppose i - 3*x = 9, -4*i + 3*x = -75 + 39. Calculate the highest common factor of a and i.
9
Let i(u) = 78*u + 1. Let k be i(2). Suppose -4*d = 5*w - k + 49, 3*w + 81 = 3*d. What is the highest common divisor of d and 54?
27
Suppose 0 = 5*k - 135 - 45. Let w be 25/15 - (-30)/(-18). Suppose w = -b + k - 11. What is the highest common divisor of b and 225?
25
Let g(c) = c**2 - 16*c + 24. Suppose 12*m - 26 = 10*m. Let k be g(m). Let v be k*(-138)/9 - -2. What is the highest common factor of 29 and v?
29
Let v be (-9)/(-27)*-15 + 220. Suppose 189 = 3*p + 5*l - 342, 175 = p + l. What is the highest common factor of p and v?
43
Let t be (-18)/(-24)*(0 + -8). Let b be (15/6)/(t/(-168)). Suppose 0 = 9*j - 16*j + 196. Calculate the highest common divisor of b and j.
14
Let h be ((322/56)/(-23))/(2 + 49/(-24)). Suppose -5*c + 86 = -724. What is the greatest common divisor of c and h?
6
Let w = 2029 - 2006. Suppose -2*k + 238 = -k - 3*i, -2*k - i + 511 = 0. What is the greatest common divisor of k and w?
23
Let l(i) = -i**3 - 3*i**2 + 8*i - 10. Let x be l(-5). Suppose x = 2*v + w - 15, -17*v - 5*w - 3 = -20*v. Calculate the highest common factor of 498 and v.
6
Let l(s) = -s**3 + 74*s**2 + 59*s + 1062. Let i be l(70). What is the highest common divisor of i and 24?
24
Let q = 5476 - -15440. What is the greatest common factor of q and 168?
84
Let x(s) = -116 + 14*s - 9*s - 5*s - 9*s - 3*s. Let f be x(-11). What is the greatest common factor of 8 and f?
8
Suppose 3*g + 81*q - 79*q = 68, 5*g - 69 = 3*q. What is the highest common divisor of 6174 and g?
18
Let q be (-113)/(7345/(-22516)) - (-1)/((-10)/4). What is the greatest common divisor of q and 20?
2
Let g be -3*9*-1*1. Let f = -13 + g. Suppose 3*i - 6*x - 14 = 292, -i + 117 = x. Calculate the highest common divisor of f and i.
14
Let j(t) = 4*t**3 + 6*t**2 - 35*t + 18. Let g be j(8). What is the highest common factor of 70 and g?
70
Let h = 14 + -29. Let z be ((-18)/h + -2)/(1/(-30)). Let j = -16 + z. What is the greatest common factor of j and 48?
8
Let z be (-1)/(4 + 210/(-54)). Let g be (-555)/z - (-16)/12. Calculate the highest common factor of 72 and g.
9
Suppose -4*n - 63 - 17 = 0. Let i be 4/10 + (-5832)/n. Suppose 3*v - 158 = i. Calculate the greatest common divisor of v and 60.
30
Let n be 11 - (-171*46)/18. What is the highest common factor of n and 140?
28
Let p(y) = 17*y + 48. Let a be p(-3). Let d = 17 - a. What is the highest common factor of 10 and d?
10
Suppose 4*c = 68 + 172. Let h be (10*(-4)/12)/((-1)/12). What is the greatest common divisor of c and h?
20
Let a(j) = -j**3 - 17*j**2 - 73*j - 27. Let x be a(-6). Let r be -3 - (-2 - -2) - -38. What is the highest common divisor of r and x?
5
Let o be (161/(-35) + 5)/(1/1275). Let u be (4 - 2090/(-80)) + 4/(-32). What is the highest common factor of o and u?
30
Let q = 42 + -18. Let f(k) = -k**2 - 12*k + 111. Let l be f(7). Let a = l + q. What is the greatest common factor of a and 2?
2
Suppose 3 = 2*l - 4*c + 5*c, 4*c - 4 = 0. Let w = -5159 + 5202. Calculate the highest common divisor of l and w.
1
Suppose 2*x = h - 6*h + 1881, -5*x + 4711 = 4*h. Let g(m) = -2*m**2 - 73*m - 435. Let z be g(-28). What is the greatest common divisor of z and x?
41
Let q(a) = -2*a**2 - 40*a - 24. Let r be q(-17). Suppose -k = -r + 22. Calculate the greatest common factor of k and 40.
8
Let x be 0/(0 - 3) + -2 + 2. Suppose 194 = -2*h + 4*h + 2*t, 2*h - 2*t - 202 = x. What is the highest common divisor of 9 and h?
9
Let t(k) = 3*k + 35. Let c = -26 - -15. Let l be t(c). Suppose 5*m + l*z + 151 = 616, 5*z - 372 = -4*m. Calculate the greatest common factor of 62 and m.
31
Suppose 2*b - 46 = -4*l, -34*b + 29*b - 45 = 0. Let f(x) = 432*x**2. Let w be f(1). What is the greatest common factor of w and l?
16
Let i(m) be the first derivative of -m**4/4 - 29*m**3/3 + 30*m**2 - 8*m - 100. Let n be i(-31). What is the highest common divisor of n and 126?
18
Suppose -92*z - 6*z + 94388 = -3906. What is the greatest common divisor of 85 and z?
17
Let l be 9730/(-3 + 8) - (-63)/9. Calculate the greatest common divisor of 189 and l.
63
Let t(k) be the first derivative of k**3/3 - k**2 - 3*k + 2. Let c be t(-3). Let w be -6*(-3 - (-22)/c). What is the greatest common factor of 7 and w?
7
Let m = -8 - -17. Suppose 14*l - 62 = -3*q + m*l, -5*q + 5*l + 130 = 0. What is the greatest common divisor of q and 60?
12
Suppose z = 17 - 8. Let a = 13 - z. Suppose 2*d + 7*g - 2*g = 35, 3*d = a*g + 87. What is the highest common divisor of d and 5?
5
Suppose 3*l = -18*l + 3150. Let h be (-704)/(-14) + 7/((-147)/6). What is the highest common divisor of h and l?
50
Suppose 0 = 17*b + 4*b - 4956. Calculate the highest common divisor of 2714 and b.
118
Let v(a) = 4*a**2 + 22*a + 260. Let d be v(-10). Let x(y) = y**3 - 9*y**2 + 4*y + 4. Let w be x(9). What is the greatest common divisor of d and w?
40
Let d = 467 + -368. Let i be (d + 10/2)*8/2. Calculate the highest common divisor of i and 32.
32
Suppose 4*v + 6*o = 2*o + 60, 2*v = o + 27. Let a = 38 - v. Suppose -12*f + a = -10*f. What is the greatest common factor of f and 132?
12
Suppose -50*w - 111*w + 17731 = -13181. Calculate the greatest common divisor of w and 132.
12
Let v be (-24)/8*(872 + -2)/(-1). Suppose -10*l - v = -28*l. Let k be 29/(-8)*-2*4. Calculate the highest common factor of k and l.
29
Let z = -6675 + 9339. Calculate the greatest common divisor of 120 and z.
24
Let r be 1521/(-845)*2*15/(-6). Let f(z) = -z**2 - 8*z + 1. Let g be f(-6). Suppose 4*k - g = -1. Calculate the greatest common divisor of r and k.
3
Let i be 1 + 0 - (-75)/15. Suppose -z + b = -468, -2*z + 3*b + 916 = i*b. What is the greatest common divisor of z and 58?
58
Let c be 10*(-8632)/(-1235) - (-2)/19. Calculate the highest common factor of c and 945.
35
Let u be (-1 - 19)*224/(-10). Suppose -20*j + 24*j - u = 0. Calculate the highest common divisor of j and 7.
7
Let r be (-1 - -3)/((-58)/87) + 6518/2. What is the highest common divisor of